
5, 71, 12917
What are the prime factors of 139129?
373
List the prime factors of 3500171.
563, 6217
What are the prime factors of 105814?
2, 191, 277
What are the prime factors of 1863999?
3, 17, 31, 131
What are the prime factors of 147361?
23, 43, 149
List the prime factors of 1442350.
2, 5, 7, 13, 317
List the prime factors of 391043.
383, 1021
What are the prime factors of 784833?
3, 7, 19, 281
List the prime factors of 587341.
587341
What are the prime factors of 547215?
3, 5, 191
List the prime factors of 492488.
2, 61561
List the prime factors of 37479214.
2, 109, 171923
What are the prime factors of 1778319?
3, 17, 59, 197
What are the prime factors of 20580009?
3, 23, 298261
List the prime factors of 1225499.
11, 111409
What are the prime factors of 38612?
2, 7, 197
What are the prime factors of 133829?
37, 3617
What are the prime factors of 1684863?
3, 19, 59, 167
What are the prime factors of 532032?
2, 3, 17, 163
List the prime factors of 2539932.
2, 3, 211661
List the prime factors of 18073153.
7, 131, 19709
What are the prime factors of 14035449?
3, 29, 5563
What are the prime factors of 124951?
124951
What are the prime factors of 2902069?
151, 19219
What are the prime factors of 286871?
13, 22067
List the prime factors of 12168.
2, 3, 13
List the prime factors of 808402.
2, 7, 73, 113
List the prime factors of 2290763.
79, 107, 271
List the prime factors of 251984.
2, 15749
List the prime factors of 32195803.
269, 119687
What are the prime factors of 1158645?
3, 5, 77243
List the prime factors of 232738.
2, 11, 71, 149
What are the prime factors of 54789?
3, 7, 2609
What are the prime factors of 1523615?
5, 304723
List the prime factors of 1713442.
2, 856721
What are the prime factors of 419705?
5, 11, 13, 587
List the prime factors of 27452425.
5, 7, 11, 13, 1097
What are the prime factors of 168675?
3, 5, 13, 173
What are the prime factors of 3036346?
2, 1187, 1279
List the prime factors of 5667791.
1549, 3659
What are the prime factors of 1049065?
5, 209813
List the prime factors of 2378912.
2, 17, 4373
What are the prime factors of 1689813?
3, 359, 523
What are the prime factors of 2641928?
2, 330241
What are the prime factors of 230683?
230683
List the prime factors of 71257.
71257
What are the prime factors of 202352?
2, 12647
What are the prime factors of 2400942?
2, 3, 400157
List the prime factors of 6708726.
2, 3, 372707
What are the prime factors of 382088?
2, 7, 6823
What are the prime factors of 14161323?
3, 11, 17, 25243
List the prime factors of 578454.
2, 3, 229, 421
What are the prime factors of 330100?
2, 5, 3301
What are the prime factors of 275663?
181, 1523
List the prime factors of 21795055.
5, 433, 10067
List the prime factors of 91113.
3, 11, 251
List the prime factors of 80053.
17, 277
List the prime factors of 925094.
2, 462547
List the prime factors of 3430480.
2, 5, 137, 313
What are the prime factors of 5626688?
2, 87917
List the prime factors of 8033.
29, 277
List the prime factors of 310781.
310781
List the prime factors of 1015957.
29, 53, 661
What are the prime factors of 1653750?
2, 3, 5, 7
What are the prime factors of 2910394?
2, 1455197
List the prime factors of 273192.
2, 3, 11383
List the prime factors of 618163.
7, 13, 6793
List the prime factors of 1064190.
2, 3, 5, 19, 1867
List the prime factors of 3350979.
3, 29, 37, 347
What are the prime factors of 511781?
107, 4783
List the prime factors of 6953360.
2, 5, 23, 3779
What are the prime factors of 842576?
2, 7, 7523
List the prime factors of 558140.
2, 5, 11, 43, 59
List the prime factors of 1796914.
2, 7, 128351
List the prime factors of 8796377.
743, 11839
What are the prime factors of 2262529?
2262529
List the prime factors of 14464933.
7, 2066419
What are the prime factors of 10383325?
5, 67, 6199
What are the prime factors of 440435?
5, 59, 1493
What are the prime factors of 10183812?
2, 3, 848651
What are the prime factors of 3395133?
3, 7, 53891
List the prime factors of 11613566.
2, 107, 54269
What are the prime factors of 144236?
2, 107, 337
What are the prime factors of 365958?
2, 3, 251
What are the prime factors of 651767?
651767
What are the prime factors of 254265?
3, 5, 11, 23, 67
List the prime factors of 48797.
7, 6971
What are the prime factors of 97441?
97441
List the prime factors of 194989.
194989
What are the prime factors of 2211493?
2211493
List the prime factors of 2134547.
109, 19583
List the prime factors of 2348625.
3, 5, 6263
List the prime factors of 206098.
2, 103049
List the prime factors of 1824329.
13, 140333
What are the prime factors of 10483609?
10483609
What are the prime factors of 590206?
2, 17, 17359
List the prime factors of 4623558.
2, 3, 17, 45329
List the prime factors of 26140.
2, 5, 1307
List the prime factors of 532394.
2, 31, 277
What are the prime factors of 14292879?
3, 4764293
List the prime factors of 3502669.
19, 184351
What are the prime factors of 5913916?
2, 47, 83, 379
List the prime factors of 56023.
11, 463
What are the prime factors of 1079615?
5, 263, 821
List the prime factors of 115672.
2, 19, 761
What are the prime factors of 197243?
197243
What are the prime factors of 21542578?
2, 10771289
What are the prime factors of 18813648?
2, 3, 7, 19, 421
What are the prime factors of 170806?
2, 41, 2083
List the prime factors of 343361.
313, 1097
What are the prime factors of 771687?
3, 7, 1361
List the prime factors of 1395394.
2, 7, 11, 13, 17, 41
List the prime factors of 5699650.
2, 5, 11, 43, 241
List the prime factors of 151365.
3, 5, 10091
What are the prime factors of 354954?
2, 3, 59159
What are the prime factors of 5741010?
2, 3, 5, 11, 1933
What are the prime factors of 328615?
5, 7, 41, 229
What are the prime factors of 128039?
61, 2099
What are the prime factors of 3715993?
83, 44771
What are the prime factors of 41728857?
3, 41, 101, 3359
List the prime factors of 1539992.
2, 192499
What are the prime factors of 113221?
19, 59, 101
What are the prime factors of 660672?
2, 3, 31, 37
What are the prime factors of 2782970?
2, 5, 397, 701
List the prime factors of 21920663.
109, 201107
What are the prime factors of 4960397?
13, 381569
What are the prime factors of 2132552?
2, 31, 8599
List the prime factors of 3848252.
2, 962063
What are the prime factors of 14957?
14957
What are the prime factors of 1801782?
2, 3, 31, 3229
List the prime factors of 239298.
2, 3, 39883
List the prime factors of 5158680.
2, 3, 5, 42989
What are the prime factors of 257070?
2, 3, 5, 11, 19, 41
List the prime factors of 3809208.
2, 3, 13, 29, 421
List the prime factors of 1260.
2, 3, 5, 7
What are the prime factors of 35266023?
3, 13, 107, 313
What are the prime factors of 418717?
13, 31, 1039
List the prime factors of 756723.
3, 11, 23, 997
What are the prime factors of 13105?
5, 2621
List the prime factors of 1079422.
2, 539711
List the prime factors of 3138020.
2, 5, 156901
What are the prime factors of 21382180?
2, 5, 23, 43, 47
What are the prime factors of 6548749?
19, 344671
List the prime factors of 1124575.
5, 44983
List the prime factors of 366330.
2, 3, 5, 12211
What are the prime factors of 2977479?
3, 12253
What are the prime factors of 780899?
7, 281, 397
What are the prime factors of 219419?
17, 12907
List the prime factors of 2932671.
3, 7, 359, 389
List the prime factors of 264279.
3, 88093
What are the prime factors of 757548?
2, 3, 11, 1913
What are the prime factors of 466443?
3, 51827
List the prime factors of 757595.
5, 277, 547
List the prime factors of 5072651.
29, 211, 829
What are the prime factors of 164703?
3, 7, 11, 23, 31
List the prime factors of 219447.
3, 37, 659
What are the prime factors of 207536?
2, 7, 17, 109
What are the prime factors of 908656?
2, 7, 19, 61
What are the prime factors of 1642039?
7, 23, 31, 47
What are the prime factors of 311076?
2, 3, 8641
List the prime factors of 26692491.
3, 7, 887, 1433
What are the prime factors of 337555?
5, 67511
List the prime factors of 737018.
2, 17, 53, 409
List the prime factors of 1196054.
2, 167, 3581
What are the prime factors of 1029403?
1029403
List the prime factors of 12627882.
2, 3, 701549
What are the prime factors of 1706789?
7, 19, 41, 313
What are the prime factors of 273283?
273283
Wh